77?
37432
In base 14, what is 0 - -22321?
22321
In base 10, what is -17 - -673?
656
In base 7, what is -2 - -3334?
3332
In base 11, what is -11 + 69757?
69746
In base 14, what is -16 + 228b4?
2289c
In base 8, what is -5 - -303237?
303232
In base 5, what is -22 + 3441?
3414
In base 7, what is 3 - -3605544?
3605550
In base 2, what is -11 - -10101110?
10101011
In base 15, what is -1c6 + 8c?
-139
In base 5, what is -1 + 3324423?
3324422
In base 6, what is -45 - -1204?
1115
In base 6, what is 1014002 - -1?
1014003
In base 12, what is -b9871 + -3?
-b9874
In base 14, what is 1027 - -37d?
13a6
In base 15, what is -33ca - -1?
-33c9
In base 12, what is 1a83 + 9?
1a90
In base 11, what is -7964 - -4?
-7960
In base 3, what is 20 + -102222112?
-102222022
In base 16, what is d8 - 0?
d8
In base 8, what is 125 + 766?
1113
In base 10, what is -1865 + 40?
-1825
In base 15, what is 59807d - -4?
598082
In base 13, what is 91548 - -3?
9154b
In base 10, what is -3 + 1947?
1944
In base 9, what is 115370 + 4?
115374
In base 9, what is 2 - -40135?
40137
In base 3, what is -100111122 - 122?
-100112021
In base 4, what is 2113132032 + 3?
2113132101
In base 12, what is -2 - -216a0a?
216a08
In base 16, what is -1522e + 0?
-1522e
In base 4, what is 110 - 12103?
-11333
In base 14, what is -13 + 611b?
6108
In base 7, what is -42136 + -31?
-42200
In base 12, what is 3904265 - -5?
390426a
In base 15, what is 162b6 + c?
162c3
In base 4, what is -1 - 10221200?
-10221201
In base 4, what is 121212 + -11?
121201
In base 5, what is -3 + -322413?
-322421
In base 4, what is 10 + 130101?
130111
In base 14, what is -d + 7c5?
7b6
In base 3, what is 21120212 + 11?
21121000
In base 15, what is 4da5 - -c?
4db2
In base 14, what is 2d6b - -14?
2d81
In base 10, what is 72356 + 4?
72360
In base 10, what is 6299 + -22?
6277
In base 14, what is -5 + -37c?
-383
In base 16, what is f - -11e0?
11ef
In base 7, what is -3 - -2041625?
2041622
In base 7, what is 106135 + -23?
106112
In base 13, what is -4b408 + -15?
-4b420
In base 5, what is -311 + -22?
-333
In base 5, what is 131304100 + 2?
131304102
In base 10, what is 15 + 74582?
74597
In base 9, what is -642142 - 5?
-642147
In base 7, what is -3130436 - -23?
-3130413
In base 15, what is -c - 1ee2c?
-1ee39
In base 7, what is 16 + -15011?
-14662
In base 14, what is 4 - -3d14?
3d18
In base 10, what is 28 - 9010?
-8982
In base 11, what is 0 + 1636a?
1636a
In base 10, what is -23 + 200015?
199992
In base 10, what is -6 + -1753642?
-1753648
In base 3, what is -10221020 - 11012?
-11002102
In base 15, what is 3b8 + 73e?
b07
In base 5, what is 43210440 - 4?
43210431
In base 4, what is -1230 + 112000?
110110
In base 4, what is 22320121 - -1?
22320122
In base 13, what is 2c + -69a?
-66b
In base 10, what is 388 - 7?
381
In base 8, what is 4 + 64?
70
In base 8, what is 43 + 552551?
552614
In base 16, what is -2d0ae + 0?
-2d0ae
In base 15, what is -13 + 3290?
327c
In base 13, what is 2 + 4c05?
4c07
In base 15, what is -10d0b + 7?
-10d04
In base 4, what is 2 - -110210323?
110210331
In base 5, what is 12 + 1013130?
1013142
In base 15, what is -97 - -a14c?
a0a5
In base 8, what is 0 - 12413?
-12413
In base 12, what is 3 - -61223?
61226
In base 5, what is 101431 - -10?
101441
In base 14, what is 186 + -1c?
168
In base 4, what is -21310 + 33311?
12001
In base 14, what is -25cc6 - -5?
-25cc1
In base 9, what is -7 + -462858?
-462866
In base 10, what is 937 + -1195?
-258
In base 5, what is 22323423 + -103?
22323320
In base 6, what is 242 + -5305?
-5023
In base 9, what is 17 + 14537?
14555
In base 11, what is 3 - 43535?
-43532
In base 15, what is 2 + 29e1a?
29e1c
In base 15, what is -235b3 - -2?
-235b1
In base 14, what is -2 - 1341d?
-13421
In base 4, what is 11 - -22111211?
22111222
In base 14, what is 6b + -3a3?
-336
In base 12, what is -293b - 296?
-3015
In base 11, what is 3 + 4a3087?
4a308a
In base 13, what is -a191 + -146?
-a307
In base 7, what is 5 + 11624?
11632
In base 12, what is -59 + -5b9?
-656
In base 7, what is 1110243 - -1?
1110244
In base 11, what is 1203660 - 2?
1203659
In base 6, what is -2525 + 315?
-2210
In base 3, what is 100120010 + -1120?
100111120
In base 11, what is 4 + -14928?
-14924
In base 11, what is -1a76 - 4?
-1a7a
In base 2, what is -100110101000 + -10?
-100110101010
In base 2, what is -1001110001001 + 1000001110?
-1000101111011
In base 12, what is -17 + 141202?
1411a7
In base 9, what is -183 + -4624?
-4817
In base 6, what is -3 + 1321232?
1321225
In base 16, what is 5aaf1 - 4?
5aaed
In base 2, what is 100010001000111001111 - -1?
100010001000111010000
In base 16, what is 36d042 - -1?
36d043
In base 14, what is -10b4 - 4?
-10b8
In base 6, what is -1 + -1003314?
-1003315
In base 3, what is -22220000020 + -20?
-22220000110
In base 4, what is -22 + 21032222?
21032200
In base 16, what is 210 + 22?
232
In base 10, what is 379 + -1559?
-1180
In base 15, what is 345a - 3e?
341b
In base 5, what is -110011 - 34?
-110100
In base 16, what is 313 - e1?
232
In base 15, what is 392728 - 2?
392726
In base 3, what is -11 - -1101102020?
1101102002
In base 11, what is 11693 + -9?
11685
In base 4, what is 1101322 + -2?
1101320
In base 2, what is -101 - -1001101111011011001?
1001101111011010100
In base 6, what is -435 + 12331?
11452
In base 2, what is -1001001101000111010 + 0?
-1001001101000111010
In base 15, what is 3 + -775?
-772
In base 13, what is 13b27 + 1?
13b28
In base 4, what is 1010332 + 0?
1010332
In base 6, what is 403 - -110?
513
In base 11, what is 19 + -459?
-440
In base 11, what is -33 - -1189?
1156
In base 4, what is -22010 - 20?
-22030
In base 3, what is 11 - 10101?
-10020
In base 11, what is -217 + 227a?
2063
In base 7, what is -2031014 + -3?
-2031020
In base 9, what is -3108 + -25?
-3134
In base 4, what is -10 + 300022231?
300022221
In base 2, what is 10 - -10000000100000?
10000000100010
In base 14, what is 5 - -14c0?
14c5
In base 7, what is -304 - -1050?
443
In base 3, what is -1211 - 1011?
-2222
In base 11, what is -3 + 109097?
109094
In base 5, what is 1230121134 + -2?
1230121132
In base 13, what is -3 - 8597?
-859a
In base 15, what is 113 + 1c8?
2db
In base 12, what is -4483b - -1?
-4483a
In base 9, what is 57011 - -5?
57016
In base 9, what is -4 + -847130?
-847134
In base 4, what is 101320222 + -20?
101320202
In base 3, what is 200 + 122202?
200102
In base 13, what is 59 - 7b0?
-754
In base 8, what is 0 + -143461?
-143461
In base 16, what is -9 - -c298f?
c2986
In base 10, what is 1173 - 3?
1170
In base 6, what is -2454132 - -4?
-2454124
In base 9, what is -28 + 30627?
30588
In base 7, what is 3144 + -604?
2240
In base 14, what is 3 + -d469b?
-d4698
In base 15, what is -8 + -45307?
-45310
In base 4, what is -10321111 + -20?
-10321131
In base 9, what is 2227 - -15?
2243
In base 3, what is -2122 - 100122211?
-100202110
In base 13, what is 10a85 - 3?
10a82
In base 13, what is 1c506 + -3?
1c503
In base 3, what is -100122 - -200121?
22222
In base 3, what is 12 + -10022112212020?
-10022112212001
In base 15, what is -15e90 + -4?
-15e94
In base 6, what is 1141324 - -3?
1141331
In base 13, what is -586 - -c9?
-48a
In base 14, what is -57a6 - -7?
-579d
In base 2, what is 1000 - -1001001?
1010001
In base 16, what is 0 - -1f58f?
1f58f
In base 11, what is 5461 - 17?
5445
In base 14, what is 91 - -59?
10a
In base 7, what is 443340 + -3?
443334
In base 10, what is 72474 + -16?
72458
In base 3, what is 212010 + -10222?
201011
In base 16, what is 1d + -e5e6?
-e5c9
In base 14, what is -2341 + -1d?
-2360
In base 8, what is 2702633 + -4?
2702627
In base 16, what is -7 + -d?
-14
In base 14, what is 280a18 + -2?
280a16
In base 12, what is -6a81 + 3?
-6a7a
In base 8, what is 156 + -5255?
-5077
In base 11, what is -6 + -1801?
-1807
In base 2, what is 100110100 + -100001111011101?
-100001010101001
In base 3, what is 210 + -1210010?
-1202100
In base 4, what is 102 - 11103302?
-11103200
In base 6, what is 5 + 1020403?
1020412
In base 7, what is -4 + 6621?
6614
In base 4, what is -1001322110 + 22?
-1001322022
In base 8, what is 574261 - 1?
574260
In base 9, what is -435738 - 2?
-435741
In base 14, what is 2 + -1a18?
-1a16
In base 13, what is b - -38a5?
38b3
In base 13, what is -377 + -369?
-713
In base 12, what is 8 + b599?
b5a5
In base 13, what is 34 + -49?
-15
I